5?
37
Calculate the greatest common factor of 36632 and 836.
76
Calculate the highest common factor of 104532 and 248.
124
What is the highest common divisor of 84 and 3796002?
42
Calculate the greatest common divisor of 169084 and 369.
41
Calculate the greatest common divisor of 1098 and 4626.
18
What is the greatest common divisor of 25 and 24565?
5
Calculate the greatest common factor of 2052 and 131436.
108
Calculate the highest common divisor of 53 and 2953213.
53
Calculate the greatest common divisor of 57 and 471111.
3
What is the highest common divisor of 138 and 23276?
46
Calculate the greatest common factor of 2440 and 23485.
305
Calculate the greatest common factor of 12325 and 58.
29
Calculate the highest common factor of 6 and 48048.
6
Calculate the highest common divisor of 45 and 420.
15
What is the highest common divisor of 30 and 209478?
6
What is the greatest common divisor of 297789 and 102?
51
What is the greatest common divisor of 797754 and 558?
186
Calculate the highest common factor of 70 and 1105230.
70
What is the greatest common factor of 501930 and 135?
135
Calculate the highest common factor of 203 and 37317.
7
Calculate the greatest common divisor of 182 and 1543262.
14
Calculate the greatest common factor of 164325 and 313.
313
What is the greatest common factor of 24 and 1710888?
24
Calculate the greatest common divisor of 3266 and 7245.
23
Calculate the highest common factor of 428856 and 11523.
501
Calculate the greatest common divisor of 2350 and 833780.
470
Calculate the greatest common divisor of 65574 and 36.
18
Calculate the greatest common factor of 80 and 87000.
40
What is the highest common divisor of 5911 and 27991?
23
What is the greatest common factor of 434 and 390383?
217
What is the highest common divisor of 2236 and 76583?
559
Calculate the greatest common divisor of 1620 and 795.
15
What is the greatest common divisor of 510631 and 671?
671
What is the greatest common factor of 378 and 2736?
18
Calculate the greatest common divisor of 14 and 9040234.
14
What is the highest common factor of 12117 and 6?
3
Calculate the greatest common factor of 203125 and 52.
13
Calculate the highest common factor of 226153 and 139.
139
Calculate the greatest common divisor of 13621 and 18497.
53
What is the greatest common divisor of 165 and 212091?
33
Calculate the highest common factor of 125499 and 264.
33
What is the greatest common divisor of 2570 and 2270?
10
Calculate the greatest common factor of 1530 and 1476.
18
What is the greatest common factor of 39168 and 3840?
768
Calculate the greatest common factor of 1068 and 1452.
12
Calculate the highest common factor of 5952 and 225060.
372
Calculate the highest common factor of 32 and 121328.
16
Calculate the greatest common factor of 16 and 736.
16
What is the greatest common factor of 7811 and 3103?
107
What is the highest common factor of 578 and 412403?
289
Calculate the highest common divisor of 371 and 94287.
53
What is the highest common factor of 23902 and 10336?
646
What is the highest common factor of 17175 and 3375?
75
What is the greatest common factor of 218725 and 325?
325
What is the greatest common divisor of 52 and 11232?
52
Calculate the highest common divisor of 90 and 104985.
45
Calculate the greatest common factor of 146 and 304629.
73
Calculate the greatest common divisor of 126 and 5236.
14
Calculate the greatest common divisor of 680 and 3390.
10
What is the greatest common factor of 27693 and 306?
153
Calculate the highest common divisor of 20150 and 1248.
26
What is the highest common divisor of 1425 and 28671?
57
Calculate the greatest common divisor of 5062400 and 42.
14
Calculate the greatest common factor of 33088 and 3894.
22
What is the highest common factor of 7140 and 4365?
15
Calculate the greatest common divisor of 11234 and 4141.
41
What is the greatest common divisor of 1513 and 356?
89
Calculate the greatest common factor of 3435 and 285.
15
Calculate the greatest common factor of 301 and 2359.
7
Calculate the highest common divisor of 50196 and 3384.
564
Calculate the greatest common divisor of 70 and 9485.
35
What is the highest common divisor of 320 and 1010?
10
Calculate the greatest common factor of 2852 and 4140.
92
Calculate the greatest common factor of 2100 and 3462375.
525
Calculate the greatest common factor of 8 and 53908.
4
Calculate the highest common factor of 4130 and 112.
14
Calculate the greatest common factor of 19 and 3553855.
19
Calculate the greatest common divisor of 1436 and 54.
2
Calculate the highest common divisor of 102364 and 1884.
628
Calculate the greatest common divisor of 166960 and 360.
40
What is the greatest common divisor of 11 and 87?
1
Calculate the highest common factor of 20 and 3465140.
20
What is the greatest common factor of 3956 and 159100?
172
Calculate the greatest common factor of 68048 and 32.
16
What is the greatest common divisor of 86 and 247852?
86
Calculate the greatest common factor of 513304 and 15884.
836
What is the greatest common divisor of 617342 and 847?
121
Calculate the greatest common factor of 3370 and 210.
10
Calculate the greatest common factor of 43672 and 848.
424
Calculate the highest common factor of 3868 and 348.
4
Calculate the highest common factor of 1850 and 590950.
50
What is the greatest common factor of 12732 and 72?
12
What is the highest common factor of 80598 and 228?
114
What is the highest common factor of 29596 and 28?
28
What is the greatest common divisor of 214 and 81106?
214
Calculate the highest common divisor of 1305 and 1191.
3
Calculate the highest common factor of 1199886 and 186.
186
What is the greatest common factor of 6 and 927321?
3
What is the greatest common divisor of 22140482 and 1018?
1018
What is the greatest common divisor of 22 and 133639?
11
Calculate the greatest common divisor of 20 and 64090.
10
Calculate the highest common divisor of 47503 and 603.
67
What is the greatest common divisor of 196 and 31997?
49
Calculate the greatest common factor of 10 and 3610760.
10
What is the highest common factor of 9792 and 44217?
153
What is the greatest common divisor of 105 and 334089?
21
Calculate the greatest common factor of 77957 and 247.
19
Calculate the highest common factor of 88 and 8456.
8
What is the highest common factor of 952 and 168?
56
Calculate the highest common factor of 56 and 108136.
56
Calculate the highest common factor of 148 and 90169.
37
What is the highest common divisor of 20979 and 243?
81
What is the greatest common divisor of 18954 and 51246?
702
What is the greatest common factor of 620 and 1552?
4
Calculate the greatest common factor of 515338 and 782.
782
What is the greatest common divisor of 12 and 103116?
12
Calculate the highest common factor of 13680 and 107280.
720
Calculate the highest common factor of 448 and 1008.
112
What is the highest common factor of 205808 and 384?
16
Calculate the greatest common factor of 122038 and 23.
23
Calculate the greatest common factor of 40 and 44152.
8
Calculate the greatest common factor of 10001 and 3699.
137
Calculate the greatest common factor of 514185 and 3717.
1239
Calculate the highest common factor of 402 and 1522173.
201
What is the greatest common factor of 1311 and 339112?
437
Calculate the greatest common divisor of 4 and 8109052.
4
Calculate the highest common divisor of 2936 and 712.
8
What is the highest common factor of 800848 and 448?
16
Calculate the greatest common factor of 163280 and 5.
5
What is the greatest common factor of 121 and 134794?
121
Calculate the highest common divisor of 53280 and 219.
3
Calculate the highest common factor of 14701 and 549.
61
Calculate the greatest common divisor of 81 and 223011.
9
What is the greatest common factor of 17 and 458456?
17
What is the highest common divisor of 1441 and 47553?
1441
What is the highest common factor of 726 and 2110845?
363
Calculate the highest common factor of 4650 and 430.
10
What is the greatest common factor of 3600 and 23600?
400
Calculate the highest common divisor of 528 and 26796.
132
Calculate the highest common factor of 33955 and 40.
5
Calculate the highest common factor of 4436 and 100.
4
What is the greatest common divisor of 14359 and 116948?
